{"id":1355,"date":"2022-03-27T18:35:29","date_gmt":"2022-03-27T15:35:29","guid":{"rendered":"https:\/\/timisoaratriathlon.ro\/?page_id=1355"},"modified":"2025-10-01T17:57:33","modified_gmt":"2025-10-01T14:57:33","slug":"atmeneti-terulet","status":"publish","type":"page","link":"https:\/\/timisoaratriathlon.ro\/hu\/atmeneti-terulet\/","title":{"rendered":"Kezd\u0151, \u00e1tmen\u0151, befejez\u0151 szervezet"},"content":{"rendered":"<div class=\"wpb-content-wrapper\"><div class=\"vc_row wpb_row vc_row-fluid\"><div class=\"wpb_column vc_column_container vc_col-sm-12\"><div class=\"vc_column-inner\"><div class=\"wpb_wrapper\">\n\t<div class=\"wpb_text_column wpb_content_element\" >\n\t\t<div class=\"wpb_wrapper\">\n\t\t\t<h1>Verseny kezdete<\/h1>\n<p>A kezdet t\u00edpusa <strong>g\u00f6rd\u00fcl\u0151<\/strong> \u00e9s vaporetto haj\u00f3kr\u00f3l adj\u00e1k.<\/p>\n<p>A rajthoz a versenyz\u0151knek a Vasile P\u00e2rvan \u00e1llom\u00e1st\u00f3l (Michelangelo h\u00edd) kell felsz\u00e1llniuk a vaporettora. Az \u00e1llom\u00e1s 400 m\u00e9terrel az \u00e1tj\u00e1r\u00f3t\u00f3l felfel\u00e9 tal\u00e1lhat\u00f3, \u00e9s az \u00e1tj\u00e1r\u00f3t\u00f3l k\u00f6nnyen megk\u00f6zel\u00edthet\u0151 a Bega foly\u00f3 ment\u00e9n felfel\u00e9 haladva.<\/p>\n<p>Helysz\u00edn linkje: <a href=\"https:\/\/goo.gl\/maps\/1XXYyQ1i9kJL79CT7\" target=\"_blank\" rel=\"noopener\">https:\/\/goo.gl\/maps\/1XXYyQ1i9kJL79CT7<\/a><\/p>\n<p>A besz\u00e1ll\u00e1s \u00fctemterve a k\u00f6vetkez\u0151:<\/p>\n<p>-SPRINT versenyz\u0151k \u2013 07:40<\/p>\n<p>-OLIMPIAI versenyz\u0151k \u2013 08:10<\/p>\n<p>-versenyz\u0151k a F\u00c9LID\u0150RE \u2013 08:55<\/p>\n<h4><strong>\u00d3VATOS!!! <\/strong><\/h4>\n<h4><strong>A versenyz\u0151k k\u00f6teless\u00e9ge id\u0151ben besz\u00e1llni. A haj\u00f3 nem v\u00e1rja meg a k\u00e9s\u0151 versenyz\u0151ket \u2013 \u00edgy nem tudnak rajtolni.<\/strong><\/h4>\n<p>A versenyz\u0151k \u00e1ltal a rajt el\u0151tt magukkal hozott ruh\u00e1kat, cip\u0151ket \u00e9s egy\u00e9b holmikat tartalmaz\u00f3 ruhat\u00e1sk\u00e1kat a vaporetto felsz\u00e1ll\u00e1sa ut\u00e1n a pontonon t\u00e1rolj\u00e1k, majd a szervez\u0151 a c\u00e9lban l\u00e9v\u0151 gy\u0171jt\u0151ter\u00fcletre sz\u00e1ll\u00edtja azokat. Innen a versenyz\u0151k a rajtsz\u00e1muk alapj\u00e1n vehetik \u00e1t azokat.<\/p>\n<p>A szervez\u0151 nem v\u00e1llal felel\u0151ss\u00e9get a ruhat\u00e1ri t\u00e1sk\u00e1kban hagyott \u00e9rt\u00e9kt\u00e1rgyak\u00e9rt. Ne vigyen mag\u00e1val telefont, \u00e9kszert vagy egy\u00e9b \u00e9rt\u00e9kt\u00e1rgyat.<\/p>\n<p>Ha lemondasz a neopr\u00e9nr\u0151l, ne a ruh\u00e1sszekr\u00e9ny t\u00e1sk\u00e1iban t\u00e1rold. Hagyd a kijel\u00f6lt dobozban az \u00e1tmeneti id\u0151szakban.<\/p>\n<h4><strong>SPRINT RAJT<\/strong><\/h4>\n<p>Kezd\u00e9s id\u0151pontja: 08:00<\/p>\n<p>Helysz\u00edn: Corneliu Coposu Boulevard sz. 36<\/p>\n<p>Helysz\u00edn linkje:\u00a0 <a href=\"https:\/\/goo.gl\/maps\/taRNjwiGfUNSDyFZA\" target=\"_blank\" rel=\"noopener\">https:\/\/goo.gl\/maps\/taRNjwiGfUNSDyFZA<\/a><\/p>\n<p>&nbsp;<\/p>\n<h4><strong>OLIMPIAI RAJT<\/strong><\/h4>\n<p>Kezd\u00e9s id\u0151pontja: 08:30<\/p>\n<p>Helysz\u00edn: Splaiul Dniestrului 7-8<\/p>\n<p>Helysz\u00edn linkje: <a href=\"https:\/\/goo.gl\/maps\/y4bbXFtBpaTkt7e37\" target=\"_blank\" rel=\"noopener\">https:\/\/goo.gl\/maps\/taRNjwiGfUNSDyFZA<\/a><\/p>\n<p>&nbsp;<\/p>\n<h4><strong>F\u00c9L START<\/strong><\/h4>\n<p>Kezd\u00e9s id\u0151pontja: 09:15<\/p>\n<p>Helysz\u00edn: Splaiul Pene\u0219 Turcanul 1. sz<\/p>\n<p>F\u00c9L rajt helysz\u00edn linkje: <a href=\"https:\/\/goo.gl\/maps\/GpRKA3LxPUGQHsAw5\" target=\"_blank\" rel=\"noopener\">https:\/\/goo.gl\/maps\/GpRKA3LxPUGQHsAw5<\/a><\/p>\n<p>&nbsp;<\/p>\n<h4>Kil\u00e9p\u00e9s a v\u00edzb\u0151l az \u00fasz\u00e1sverseny v\u00e9g\u00e9n<\/h4>\n<p>A v\u00edzb\u0151l a bej\u00e1ratt\u00f3l 160 m\u00e9terre, egy lejt\u0151s s\u00edkon, majd l\u00e9pcs\u0151n lehet kijutni, ahol a versenyz\u0151k \u00f6nk\u00e9ntesek seg\u00edts\u00e9g\u00e9vel juthatnak ki.<\/p>\n<p>Helysz\u00edn linkje: <a href=\"https:\/\/goo.gl\/maps\/UNCtUU7mmvdEA5RbA\" target=\"_blank\" rel=\"noopener\">https:\/\/goo.gl\/maps\/UNCtUU7mmvdEA5RbA<\/a><\/p>\n<p>&nbsp;<\/p>\n<p>&nbsp;<\/p>\n<h1><strong>\u00c1tmeneti ter\u00fclet<\/strong><\/h1>\n<p>&nbsp;<\/p>\n<p>Helysz\u00edn: Vasile P\u00e2rvan k\u00f6r\u00fat 5. (vagy Nyugati Egyetem)<\/p>\n<p>Helysz\u00edn linkje: <a href=\"https:\/\/goo.gl\/maps\/87Nc5eVpMofBqF3s8\" target=\"_blank\" rel=\"noopener\">https:\/\/goo.gl\/maps\/87Nc5eVpMofBqF3s8<\/a><\/p>\n<p>Az \u00e1tmenet ugyanaz az \u00fasz\u00e1sr\u00f3l ker\u00e9kp\u00e1roz\u00e1sra \u00e9s a ker\u00e9kp\u00e1roz\u00e1sr\u00f3l fut\u00e1sra val\u00f3 v\u00e1lt\u00e1sn\u00e1l.<\/p>\n<p>A versenyz\u0151k az \u00e1tj\u00e1r\u00f3val szemben tal\u00e1lhat\u00f3 UVT parkol\u00f3ban parkolhatnak. A parkol\u00f3ba a rajtsz\u00e1m alapj\u00e1n lehet bejutni.<\/p>\n<p>FIGYELEM!!! A dep\u00f3\/parkol\u00f3 ter\u00fcletre aut\u00f3val 07:00 \u00f3r\u00e1t\u00f3l nem lehet behajtani. A versenyz\u0151k a rajtsz\u00e1muk alapj\u00e1n mehetnek be a ter\u00fcletre.<\/p>\n<p>07:50-kor tilos lesz minden j\u00e1rm\u0171 behajt\u00e1sa, bele\u00e9rtve a versenyz\u0151k j\u00e1rm\u0171v\u00e9t is.<\/p>\n<p>A dep\u00f3 minden futam sz\u00e1m\u00e1ra 06:30-kor ny\u00edlik meg, a SPRINT verseny versenyz\u0151i sz\u00e1m\u00e1ra 07:10-kor, az OLIMPIAI verseny versenyz\u0151i sz\u00e1m\u00e1ra 07:40-kor, a F\u00c9LID\u0150SZAKNAK pedig 07:50-kor z\u00e1r.<\/p>\n<p>A ker\u00e9kp\u00e1rok \u00e9s a felszerel\u00e9sek \u00e1tv\u00e9tele a v\u00e1lt\u00f3t\u00f3l 14:00 \u00e9s 18:00 \u00f3ra k\u00f6z\u00f6tt t\u00f6rt\u00e9nik, a rajtsz\u00e1mok alapj\u00e1n.<\/p>\n<p>&nbsp;<\/p>\n<h1><img loading=\"lazy\" decoding=\"async\" class=\"alignnone size-full wp-image-1969\" src=\"https:\/\/timisoaratriathlon.ro\/wp-content\/uploads\/2022\/07\/Organizare-tranzitie-prezentare-simplificata-cu-mount-dismount-page-001-scaled.jpg\" alt=\"\" width=\"2560\" height=\"2389\" srcset=\"https:\/\/timisoaratriathlon.ro\/wp-content\/uploads\/2022\/07\/Organizare-tranzitie-prezentare-simplificata-cu-mount-dismount-page-001-scaled.jpg 2560w, https:\/\/timisoaratriathlon.ro\/wp-content\/uploads\/2022\/07\/Organizare-tranzitie-prezentare-simplificata-cu-mount-dismount-page-001-300x280.jpg 300w, https:\/\/timisoaratriathlon.ro\/wp-content\/uploads\/2022\/07\/Organizare-tranzitie-prezentare-simplificata-cu-mount-dismount-page-001-1024x956.jpg 1024w, https:\/\/timisoaratriathlon.ro\/wp-content\/uploads\/2022\/07\/Organizare-tranzitie-prezentare-simplificata-cu-mount-dismount-page-001-768x717.jpg 768w, https:\/\/timisoaratriathlon.ro\/wp-content\/uploads\/2022\/07\/Organizare-tranzitie-prezentare-simplificata-cu-mount-dismount-page-001-1536x1434.jpg 1536w, https:\/\/timisoaratriathlon.ro\/wp-content\/uploads\/2022\/07\/Organizare-tranzitie-prezentare-simplificata-cu-mount-dismount-page-001-2048x1912.jpg 2048w, https:\/\/timisoaratriathlon.ro\/wp-content\/uploads\/2022\/07\/Organizare-tranzitie-prezentare-simplificata-cu-mount-dismount-page-001-500x467.jpg 500w\" sizes=\"auto, (max-width: 2560px) 100vw, 2560px\" \/><\/h1>\n<h1><\/h1>\n<h1>C\u00e9lter\u00fclet<\/h1>\n<p>Helysz\u00edn: Szabads\u00e1g t\u00e9r<\/p>\n<p>Helysz\u00edn linkje: <a href=\"https:\/\/goo.gl\/maps\/6z61LAdALfAkVwtKA\">https:\/\/goo.gl\/maps\/6z61LAdALfAkVwtKA<\/a><\/p>\n<p>&nbsp;<\/p>\n<p><a href=\"https:\/\/timisoaratriathlon.ro\/wp-content\/uploads\/2022\/07\/Finish-line-A3-de-printat-fara-fundal-scaled.jpg\"><img loading=\"lazy\" decoding=\"async\" class=\"alignnone wp-image-1887 size-full\" src=\"https:\/\/timisoaratriathlon.ro\/wp-content\/uploads\/2022\/07\/Finish-line-A3-de-printat-fara-fundal-scaled.jpg\" alt=\"\" width=\"2560\" height=\"1810\" srcset=\"https:\/\/timisoaratriathlon.ro\/wp-content\/uploads\/2022\/07\/Finish-line-A3-de-printat-fara-fundal-scaled.jpg 2560w, https:\/\/timisoaratriathlon.ro\/wp-content\/uploads\/2022\/07\/Finish-line-A3-de-printat-fara-fundal-300x212.jpg 300w, https:\/\/timisoaratriathlon.ro\/wp-content\/uploads\/2022\/07\/Finish-line-A3-de-printat-fara-fundal-1024x724.jpg 1024w, https:\/\/timisoaratriathlon.ro\/wp-content\/uploads\/2022\/07\/Finish-line-A3-de-printat-fara-fundal-768x543.jpg 768w, https:\/\/timisoaratriathlon.ro\/wp-content\/uploads\/2022\/07\/Finish-line-A3-de-printat-fara-fundal-1536x1086.jpg 1536w, https:\/\/timisoaratriathlon.ro\/wp-content\/uploads\/2022\/07\/Finish-line-A3-de-printat-fara-fundal-2048x1448.jpg 2048w, https:\/\/timisoaratriathlon.ro\/wp-content\/uploads\/2022\/07\/Finish-line-A3-de-printat-fara-fundal-500x354.jpg 500w\" sizes=\"auto, (max-width: 2560px) 100vw, 2560px\" \/><\/a><\/p>\n\n\t\t<\/div>\n\t<\/div>\n<\/div><\/div><\/div><\/div>\n<\/div>","protected":false},"excerpt":{"rendered":"Starturi curse Startul este de tip rolling si se d\u0103 de pe ambarca\u021biuni vaporetto. Pentru a lua startul, concuren\u021bii trebuie s\u0103 se \u00eembarce pe vaporetto din statia Vasile P\u00e2rvan (pod [...]","protected":false},"author":990012,"featured_media":0,"parent":0,"menu_order":0,"comment_status":"closed","ping_status":"closed","template":"","meta":{"rs_blank_template":"","rs_page_bg_color":"","slide_template_v7":"","footnotes":""},"class_list":["post-1355","page","type-page","status-publish","hentry"],"aioseo_notices":[],"_links":{"self":[{"href":"https:\/\/timisoaratriathlon.ro\/hu\/wp-json\/wp\/v2\/pages\/1355","targetHints":{"allow":["GET"]}}],"collection":[{"href":"https:\/\/timisoaratriathlon.ro\/hu\/wp-json\/wp\/v2\/pages"}],"about":[{"href":"https:\/\/timisoaratriathlon.ro\/hu\/wp-json\/wp\/v2\/types\/page"}],"author":[{"embeddable":true,"href":"https:\/\/timisoaratriathlon.ro\/hu\/wp-json\/wp\/v2\/users\/990012"}],"replies":[{"embeddable":true,"href":"https:\/\/timisoaratriathlon.ro\/hu\/wp-json\/wp\/v2\/comments?post=1355"}],"version-history":[{"count":19,"href":"https:\/\/timisoaratriathlon.ro\/hu\/wp-json\/wp\/v2\/pages\/1355\/revisions"}],"predecessor-version":[{"id":3422,"href":"https:\/\/timisoaratriathlon.ro\/hu\/wp-json\/wp\/v2\/pages\/1355\/revisions\/3422"}],"wp:attachment":[{"href":"https:\/\/timisoaratriathlon.ro\/hu\/wp-json\/wp\/v2\/media?parent=1355"}],"curies":[{"name":"munkaf\u00fczet","href":"https:\/\/api.w.org\/{rel}","templated":true}]}}

Kezdő, átmenő, befejező szervezet

<div class="wpb-content-wrapper"><div class="vc_row wpb_row vc_row-fluid"><div class="wpb_column vc_column_container vc_col-sm-12"><div class="vc_column-inner"><div class="wpb_wrapper">
	<div class="wpb_text_column wpb_content_element" >
		<div class="wpb_wrapper">
			<h1>Verseny kezdete</h1>
<p>A kezdet típusa <strong>gördülő</strong> és vaporetto hajókról adják.</p>
<p>A rajthoz a versenyzőknek a Vasile Pârvan állomástól (Michelangelo híd) kell felszállniuk a vaporettora. Az állomás 400 méterrel az átjárótól felfelé található, és az átjárótól könnyen megközelíthető a Bega folyó mentén felfelé haladva.</p>
<p>Helyszín linkje: <a href="https://goo.gl/maps/1XXYyQ1i9kJL79CT7" target="_blank" rel="noopener">https://goo.gl/maps/1XXYyQ1i9kJL79CT7</a></p>
<p>A beszállás ütemterve a következő:</p>
<p>-SPRINT versenyzők – 07:40</p>
<p>-OLIMPIAI versenyzők – 08:10</p>
<p>-versenyzők a FÉLIDŐRE – 08:55</p>
<h4><strong>ÓVATOS!!! </strong></h4>
<h4><strong>A versenyzők kötelessége időben beszállni. A hajó nem várja meg a késő versenyzőket – így nem tudnak rajtolni.</strong></h4>
<p>A versenyzők által a rajt előtt magukkal hozott ruhákat, cipőket és egyéb holmikat tartalmazó ruhatáskákat a vaporetto felszállása után a pontonon tárolják, majd a szervező a célban lévő gyűjtőterületre szállítja azokat. Innen a versenyzők a rajtszámuk alapján vehetik át azokat.</p>
<p>A szervező nem vállal felelősséget a ruhatári táskákban hagyott értéktárgyakért. Ne vigyen magával telefont, ékszert vagy egyéb értéktárgyat.</p>
<p>Ha lemondasz a neoprénről, ne a ruhásszekrény táskáiban tárold. Hagyd a kijelölt dobozban az átmeneti időszakban.</p>
<h4><strong>SPRINT RAJT</strong></h4>
<p>Kezdés időpontja: 08:00</p>
<p>Helyszín: Corneliu Coposu Boulevard sz. 36</p>
<p>Helyszín linkje:  <a href="https://goo.gl/maps/taRNjwiGfUNSDyFZA" target="_blank" rel="noopener">https://goo.gl/maps/taRNjwiGfUNSDyFZA</a></p>
<p>&nbsp;</p>
<h4><strong>OLIMPIAI RAJT</strong></h4>
<p>Kezdés időpontja: 08:30</p>
<p>Helyszín: Splaiul Dniestrului 7-8</p>
<p>Helyszín linkje: <a href="https://goo.gl/maps/y4bbXFtBpaTkt7e37" target="_blank" rel="noopener">https://goo.gl/maps/taRNjwiGfUNSDyFZA</a></p>
<p>&nbsp;</p>
<h4><strong>FÉL START</strong></h4>
<p>Kezdés időpontja: 09:15</p>
<p>Helyszín: Splaiul Peneș Turcanul 1. sz</p>
<p>FÉL rajt helyszín linkje: <a href="https://goo.gl/maps/GpRKA3LxPUGQHsAw5" target="_blank" rel="noopener">https://goo.gl/maps/GpRKA3LxPUGQHsAw5</a></p>
<p>&nbsp;</p>
<h4>Kilépés a vízből az úszásverseny végén</h4>
<p>A vízből a bejárattól 160 méterre, egy lejtős síkon, majd lépcsőn lehet kijutni, ahol a versenyzők önkéntesek segítségével juthatnak ki.</p>
<p>Helyszín linkje: <a href="https://goo.gl/maps/UNCtUU7mmvdEA5RbA" target="_blank" rel="noopener">https://goo.gl/maps/UNCtUU7mmvdEA5RbA</a></p>
<p>&nbsp;</p>
<p>&nbsp;</p>
<h1><strong>Átmeneti terület</strong></h1>
<p>&nbsp;</p>
<p>Helyszín: Vasile Pârvan körút 5. (vagy Nyugati Egyetem)</p>
<p>Helyszín linkje: <a href="https://goo.gl/maps/87Nc5eVpMofBqF3s8" target="_blank" rel="noopener">https://goo.gl/maps/87Nc5eVpMofBqF3s8</a></p>
<p>Az átmenet ugyanaz az úszásról kerékpározásra és a kerékpározásról futásra való váltásnál.</p>
<p>A versenyzők az átjáróval szemben található UVT parkolóban parkolhatnak. A parkolóba a rajtszám alapján lehet bejutni.</p>
<p>FIGYELEM!!! A depó/parkoló területre autóval 07:00 órától nem lehet behajtani. A versenyzők a rajtszámuk alapján mehetnek be a területre.</p>
<p>07:50-kor tilos lesz minden jármű behajtása, beleértve a versenyzők járművét is.</p>
<p>A depó minden futam számára 06:30-kor nyílik meg, a SPRINT verseny versenyzői számára 07:10-kor, az OLIMPIAI verseny versenyzői számára 07:40-kor, a FÉLIDŐSZAKNAK pedig 07:50-kor zár.</p>
<p>A kerékpárok és a felszerelések átvétele a váltótól 14:00 és 18:00 óra között történik, a rajtszámok alapján.</p>
<p>&nbsp;</p>
<h1><img loading="lazy" decoding="async" class="alignnone size-full wp-image-1969" src="https://timisoaratriathlon.ro/wp-content/uploads/2022/07/Organizare-tranzitie-prezentare-simplificata-cu-mount-dismount-page-001-scaled.jpg" alt="" width="2560" height="2389" srcset="https://timisoaratriathlon.ro/wp-content/uploads/2022/07/Organizare-tranzitie-prezentare-simplificata-cu-mount-dismount-page-001-scaled.jpg 2560w, https://timisoaratriathlon.ro/wp-content/uploads/2022/07/Organizare-tranzitie-prezentare-simplificata-cu-mount-dismount-page-001-300x280.jpg 300w, https://timisoaratriathlon.ro/wp-content/uploads/2022/07/Organizare-tranzitie-prezentare-simplificata-cu-mount-dismount-page-001-1024x956.jpg 1024w, https://timisoaratriathlon.ro/wp-content/uploads/2022/07/Organizare-tranzitie-prezentare-simplificata-cu-mount-dismount-page-001-768x717.jpg 768w, https://timisoaratriathlon.ro/wp-content/uploads/2022/07/Organizare-tranzitie-prezentare-simplificata-cu-mount-dismount-page-001-1536x1434.jpg 1536w, https://timisoaratriathlon.ro/wp-content/uploads/2022/07/Organizare-tranzitie-prezentare-simplificata-cu-mount-dismount-page-001-2048x1912.jpg 2048w, https://timisoaratriathlon.ro/wp-content/uploads/2022/07/Organizare-tranzitie-prezentare-simplificata-cu-mount-dismount-page-001-500x467.jpg 500w" sizes="auto, (max-width: 2560px) 100vw, 2560px" /></h1>
<h1></h1>
<h1>Célterület</h1>
<p>Helyszín: Szabadság tér</p>
<p>Helyszín linkje: <a href="https://goo.gl/maps/6z61LAdALfAkVwtKA">https://goo.gl/maps/6z61LAdALfAkVwtKA</a></p>
<p>&nbsp;</p>
<p><a href="https://timisoaratriathlon.ro/wp-content/uploads/2022/07/Finish-line-A3-de-printat-fara-fundal-scaled.jpg"><img loading="lazy" decoding="async" class="alignnone wp-image-1887 size-full" src="https://timisoaratriathlon.ro/wp-content/uploads/2022/07/Finish-line-A3-de-printat-fara-fundal-scaled.jpg" alt="" width="2560" height="1810" srcset="https://timisoaratriathlon.ro/wp-content/uploads/2022/07/Finish-line-A3-de-printat-fara-fundal-scaled.jpg 2560w, https://timisoaratriathlon.ro/wp-content/uploads/2022/07/Finish-line-A3-de-printat-fara-fundal-300x212.jpg 300w, https://timisoaratriathlon.ro/wp-content/uploads/2022/07/Finish-line-A3-de-printat-fara-fundal-1024x724.jpg 1024w, https://timisoaratriathlon.ro/wp-content/uploads/2022/07/Finish-line-A3-de-printat-fara-fundal-768x543.jpg 768w, https://timisoaratriathlon.ro/wp-content/uploads/2022/07/Finish-line-A3-de-printat-fara-fundal-1536x1086.jpg 1536w, https://timisoaratriathlon.ro/wp-content/uploads/2022/07/Finish-line-A3-de-printat-fara-fundal-2048x1448.jpg 2048w, https://timisoaratriathlon.ro/wp-content/uploads/2022/07/Finish-line-A3-de-printat-fara-fundal-500x354.jpg 500w" sizes="auto, (max-width: 2560px) 100vw, 2560px" /></a></p>

		</div>
	</div>
</div></div></div></div>
</div>

Starturi curse Startul este de tip rolling si se dă de pe ambarcațiuni vaporetto. Pentru a lua startul, concurenții trebuie să se îmbarce pe vaporetto din statia Vasile Pârvan (pod [...]

munkafüzet
