{"id":1365,"date":"2022-03-27T18:39:31","date_gmt":"2022-03-27T15:39:31","guid":{"rendered":"https:\/\/timisoaratriathlon.ro\/?page_id=1365"},"modified":"2025-10-01T18:07:04","modified_gmt":"2025-10-01T15:07:04","slug":"onkentesseg","status":"publish","type":"page","link":"https:\/\/timisoaratriathlon.ro\/hu\/onkentesseg\/","title":{"rendered":"\u00d6nk\u00e9ntess\u00e9g"},"content":{"rendered":"<div class=\"wpb-content-wrapper\"><p><a href=\"https:\/\/team.sportic.ro\/widgets\/assignments\/register?id_event=3141\" target=\"https:\/\/team.sportic.ro\/widgets\/assignments\/register?id_event=3141\" data-animation=\"animated rotateIn normal\" class=\"sc_button sc_button_square sc_button_style_filled sc_button_size_large aligncenter\" style=\"margin-top:inherit;margin-right:inherit;margin-bottom:inherit;margin-left:inherit;\">JELENTKEZZ \u00d6NK\u00c9NTESKEDJ A 2025-\u00d6S KIAD\u00c1SRA!<span class=\"icon-child\" ><\/span><\/a><div class=\"vc_row wpb_row vc_row-fluid\"><div class=\"wpb_column vc_column_container vc_col-sm-12\"><div class=\"vc_column-inner\"><div class=\"wpb_wrapper\">\n\t<div class=\"wpb_text_column wpb_content_element\" >\n\t\t<div class=\"wpb_wrapper\">\n\t\t\t<h6><strong>Megh\u00edvjuk \u00d6nt<\/strong> csatlakozzon hozz\u00e1nk, hogy felejthetetlen \u00e9lm\u00e9nyben legyen r\u00e9sze a versenyz\u0151knek! Garant\u00e1ljuk a kellemes l\u00e9gk\u00f6rt, \u00e9s minden bizonnyal tal\u00e1l inspir\u00e1ci\u00f3s forr\u00e1st a sportol\u00f3k er\u0151fesz\u00edt\u00e9seinek figyelemmel k\u00eds\u00e9r\u00e9s\u00e9re \u00e9s el\u0151seg\u00edt\u00e9s\u00e9re!<\/h6>\n<h6><strong>Az \u00f6nk\u00e9ntesek profit\u00e1lnak<\/strong> sz\u00e1m\u00fa \u00d6nk\u00e9ntes T\u00f6rv\u00e9ny valamennyi rendelkez\u00e9s\u00e9t. 78\/ 2014, a rom\u00e1niai \u00f6nk\u00e9ntes tev\u00e9kenys\u00e9g szab\u00e1lyoz\u00e1s\u00e1r\u00f3l (\u00d6nk\u00e9ntes Szerz\u0151d\u00e9sben r\u00e9szes\u00fcl, \u00e9s a v\u00e9g\u00e9n \u00d6nk\u00e9ntes Tan\u00fas\u00edtv\u00e1nyt kap).<\/h6>\n<h6><strong>A legnagyobb seg\u00edts\u00e9gre 2025.07.19-\u00e9n, szombaton \u00e9s 2025.07.20-\u00e1n, vas\u00e1rnap van sz\u00fcks\u00e9g\u00fcnk, hogy az \u00fatvonal lez\u00e1rva maradjon.<\/strong>, de ha a verseny el\u0151tti h\u00e9ten is be tudsz kapcsol\u00f3dni, az remek.<\/h6>\n<h6>B\u00edzunk az \u00d6n pozit\u00edv energi\u00e1j\u00e1ban, amelyet szeretn\u00e9nk \u00e1tadni a versenyt\u00e1rsaknak, hogy seg\u00edtsen nekik a pr\u00f3b\u00e1k teljes\u00edt\u00e9s\u00e9ben.<\/h6>\n\n\t\t<\/div>\n\t<\/div>\n<\/div><\/div><\/div><\/div><div class=\"vc_row wpb_row vc_row-fluid\"><div class=\"wpb_column vc_column_container vc_col-sm-12\"><div class=\"vc_column-inner\"><div class=\"wpb_wrapper\">\n\t<div class=\"wpb_text_column wpb_content_element\" >\n\t\t<div class=\"wpb_wrapper\">\n\t\t\t<h3><\/h3>\n<h3><\/h3>\n<h3 style=\"color: #5793e8;\">A munkam\u00f3dszer<\/h3>\n<p>&nbsp;<\/p>\n<p>WhatsApp csoporton kereszt\u00fcl szervezz\u00fck, amelyhez regisztr\u00e1ci\u00f3 ut\u00e1n felvesz\u00fcnk. Minden inform\u00e1ci\u00f3t megkapsz a &quot;mit\/mikor\/hol\/hogyan&quot;-r\u00f3l, hogy a rendezv\u00e9ny napj\u00e1n mindenki tudja, mit kell csin\u00e1lni \ud83d\ude42 Minden tev\u00e9kenys\u00e9gi ter\u00fclethez el\u00e9rhet\u0151 lesz az adott tev\u00e9kenys\u00e9get r\u00e9szletez\u0151 utas\u00edt\u00e1s. Az \u00fatvonalra kijel\u00f6lt \u00f6nk\u00e9ntesekkel kimegy\u00fcnk a terepre, hogy \u00e1llom\u00e1sonk\u00e9nt megmutassuk, melyik ir\u00e1nyb\u00f3l \u00e9rkeznek \u00e9s milyen ir\u00e1nyba kell ir\u00e1ny\u00edtani a triatlonosokat.<\/p>\n<p>&nbsp;<\/p>\n<h3 style=\"color: #5793e8;\">Az \u00f6nk\u00e9ntes k\u00e9szlete<\/h3>\n<p>&nbsp;<\/p>\n<p>A 2025-\u00f6s Temesv\u00e1ri Triatlon hivatalos \u00f6nk\u00e9ntes p\u00f3l\u00f3j\u00e1t a rendezv\u00e9ny alatt kapod meg \u2013 szendvicset \u00e9s vizet \u2013, ut\u00e1na pedig az \u00f6nk\u00e9ntes oklevelet. Plusz egy meglepet\u00e9s utalv\u00e1nyt\/megh\u00edv\u00f3t a r\u00e9szv\u00e9tel ut\u00e1n.<\/p>\n<p>&nbsp;<\/p>\n<h3 style=\"color: #5793e8;\">\u00d6nk\u00e9ntes helyek<\/h3>\n<p>&nbsp;<\/p>\n<p>Al\u00e1bb l\u00e1thatja a t\u00e9rk\u00e9pet azon ter\u00fcleteken, amelyekre a regisztr\u00e1ci\u00f3s lap vonatkozik.<\/p>\n<p><img loading=\"lazy\" decoding=\"async\" class=\"size-full wp-image-2653 aligncenter\" src=\"https:\/\/timisoaratriathlon.ro\/wp-content\/uploads\/2023\/04\/WhatsApp-Image-2023-04-26-at-17.50.35.jpeg\" alt=\"\" width=\"1371\" height=\"855\" srcset=\"https:\/\/timisoaratriathlon.ro\/wp-content\/uploads\/2023\/04\/WhatsApp-Image-2023-04-26-at-17.50.35.jpeg 1371w, https:\/\/timisoaratriathlon.ro\/wp-content\/uploads\/2023\/04\/WhatsApp-Image-2023-04-26-at-17.50.35-300x187.jpeg 300w, https:\/\/timisoaratriathlon.ro\/wp-content\/uploads\/2023\/04\/WhatsApp-Image-2023-04-26-at-17.50.35-1024x639.jpeg 1024w, https:\/\/timisoaratriathlon.ro\/wp-content\/uploads\/2023\/04\/WhatsApp-Image-2023-04-26-at-17.50.35-768x479.jpeg 768w, https:\/\/timisoaratriathlon.ro\/wp-content\/uploads\/2023\/04\/WhatsApp-Image-2023-04-26-at-17.50.35-18x12.jpeg 18w, https:\/\/timisoaratriathlon.ro\/wp-content\/uploads\/2023\/04\/WhatsApp-Image-2023-04-26-at-17.50.35-500x312.jpeg 500w\" sizes=\"auto, (max-width: 1371px) 100vw, 1371px\" \/><\/p>\n\n\t\t<\/div>\n\t<\/div>\n<\/div><\/div><\/div><\/div>\n<\/div>","protected":false},"excerpt":{"rendered":"\u00ceNSCRIE-TE VOLUNTAR LA EDI\u021aIA 2025! V\u0103 invit\u0103m al\u0103turi de noi pentru a le oferi concuren\u021bilor o experien\u021b\u0103 de neuitat! V\u0103 garant\u0103m o atmosfer\u0103 pl\u0103cut\u0103 \u0219i cu siguran\u021b\u0103 ve\u021bi g\u0103si o [...]","protected":false},"author":990012,"featured_media":0,"parent":0,"menu_order":0,"comment_status":"closed","ping_status":"closed","template":"","meta":{"rs_blank_template":"","rs_page_bg_color":"","slide_template_v7":"","footnotes":""},"class_list":["post-1365","page","type-page","status-publish","hentry"],"aioseo_notices":[],"_links":{"self":[{"href":"https:\/\/timisoaratriathlon.ro\/hu\/wp-json\/wp\/v2\/pages\/1365","targetHints":{"allow":["GET"]}}],"collection":[{"href":"https:\/\/timisoaratriathlon.ro\/hu\/wp-json\/wp\/v2\/pages"}],"about":[{"href":"https:\/\/timisoaratriathlon.ro\/hu\/wp-json\/wp\/v2\/types\/page"}],"author":[{"embeddable":true,"href":"https:\/\/timisoaratriathlon.ro\/hu\/wp-json\/wp\/v2\/users\/990012"}],"replies":[{"embeddable":true,"href":"https:\/\/timisoaratriathlon.ro\/hu\/wp-json\/wp\/v2\/comments?post=1365"}],"version-history":[{"count":30,"href":"https:\/\/timisoaratriathlon.ro\/hu\/wp-json\/wp\/v2\/pages\/1365\/revisions"}],"predecessor-version":[{"id":3287,"href":"https:\/\/timisoaratriathlon.ro\/hu\/wp-json\/wp\/v2\/pages\/1365\/revisions\/3287"}],"wp:attachment":[{"href":"https:\/\/timisoaratriathlon.ro\/hu\/wp-json\/wp\/v2\/media?parent=1365"}],"curies":[{"name":"munkaf\u00fczet","href":"https:\/\/api.w.org\/{rel}","templated":true}]}}

Önkéntesség

<div class="wpb-content-wrapper"><p><a href="https://team.sportic.ro/widgets/assignments/register?id_event=3141" target="https://team.sportic.ro/widgets/assignments/register?id_event=3141" data-animation="animated rotateIn normal" class="sc_button sc_button_square sc_button_style_filled sc_button_size_large aligncenter" style="margin-top:inherit;margin-right:inherit;margin-bottom:inherit;margin-left:inherit;">JELENTKEZZ ÖNKÉNTESKEDJ A 2025-ÖS KIADÁSRA!<span class="icon-child" ></span></a><div class="vc_row wpb_row vc_row-fluid"><div class="wpb_column vc_column_container vc_col-sm-12"><div class="vc_column-inner"><div class="wpb_wrapper">
	<div class="wpb_text_column wpb_content_element" >
		<div class="wpb_wrapper">
			<h6><strong>Meghívjuk Önt</strong> csatlakozzon hozzánk, hogy felejthetetlen élményben legyen része a versenyzőknek! Garantáljuk a kellemes légkört, és minden bizonnyal talál inspirációs forrást a sportolók erőfeszítéseinek figyelemmel kísérésére és elősegítésére!</h6>
<h6><strong>Az önkéntesek profitálnak</strong> számú Önkéntes Törvény valamennyi rendelkezését. 78/ 2014, a romániai önkéntes tevékenység szabályozásáról (Önkéntes Szerződésben részesül, és a végén Önkéntes Tanúsítványt kap).</h6>
<h6><strong>A legnagyobb segítségre 2025.07.19-én, szombaton és 2025.07.20-án, vasárnap van szükségünk, hogy az útvonal lezárva maradjon.</strong>, de ha a verseny előtti héten is be tudsz kapcsolódni, az remek.</h6>
<h6>Bízunk az Ön pozitív energiájában, amelyet szeretnénk átadni a versenytársaknak, hogy segítsen nekik a próbák teljesítésében.</h6>

		</div>
	</div>
</div></div></div></div><div class="vc_row wpb_row vc_row-fluid"><div class="wpb_column vc_column_container vc_col-sm-12"><div class="vc_column-inner"><div class="wpb_wrapper">
	<div class="wpb_text_column wpb_content_element" >
		<div class="wpb_wrapper">
			<h3></h3>
<h3></h3>
<h3 style="color: #5793e8;">A munkamódszer</h3>
<p>&nbsp;</p>
<p>WhatsApp csoporton keresztül szervezzük, amelyhez regisztráció után felveszünk. Minden információt megkapsz a &quot;mit/mikor/hol/hogyan&quot;-ról, hogy a rendezvény napján mindenki tudja, mit kell csinálni 🙂 Minden tevékenységi területhez elérhető lesz az adott tevékenységet részletező utasítás. Az útvonalra kijelölt önkéntesekkel kimegyünk a terepre, hogy állomásonként megmutassuk, melyik irányból érkeznek és milyen irányba kell irányítani a triatlonosokat.</p>
<p>&nbsp;</p>
<h3 style="color: #5793e8;">Az önkéntes készlete</h3>
<p>&nbsp;</p>
<p>A 2025-ös Temesvári Triatlon hivatalos önkéntes pólóját a rendezvény alatt kapod meg – szendvicset és vizet –, utána pedig az önkéntes oklevelet. Plusz egy meglepetés utalványt/meghívót a részvétel után.</p>
<p>&nbsp;</p>
<h3 style="color: #5793e8;">Önkéntes helyek</h3>
<p>&nbsp;</p>
<p>Alább láthatja a térképet azon területeken, amelyekre a regisztrációs lap vonatkozik.</p>
<p><img loading="lazy" decoding="async" class="size-full wp-image-2653 aligncenter" src="https://timisoaratriathlon.ro/wp-content/uploads/2023/04/WhatsApp-Image-2023-04-26-at-17.50.35.jpeg" alt="" width="1371" height="855" srcset="https://timisoaratriathlon.ro/wp-content/uploads/2023/04/WhatsApp-Image-2023-04-26-at-17.50.35.jpeg 1371w, https://timisoaratriathlon.ro/wp-content/uploads/2023/04/WhatsApp-Image-2023-04-26-at-17.50.35-300x187.jpeg 300w, https://timisoaratriathlon.ro/wp-content/uploads/2023/04/WhatsApp-Image-2023-04-26-at-17.50.35-1024x639.jpeg 1024w, https://timisoaratriathlon.ro/wp-content/uploads/2023/04/WhatsApp-Image-2023-04-26-at-17.50.35-768x479.jpeg 768w, https://timisoaratriathlon.ro/wp-content/uploads/2023/04/WhatsApp-Image-2023-04-26-at-17.50.35-18x12.jpeg 18w, https://timisoaratriathlon.ro/wp-content/uploads/2023/04/WhatsApp-Image-2023-04-26-at-17.50.35-500x312.jpeg 500w" sizes="auto, (max-width: 1371px) 100vw, 1371px" /></p>

		</div>
	</div>
</div></div></div></div>
</div>

ÎNSCRIE-TE VOLUNTAR LA EDIȚIA 2025! Vă invităm alături de noi pentru a le oferi concurenților o experiență de neuitat! Vă garantăm o atmosferă plăcută și cu siguranță veți găsi o [...]

munkafüzet
