{"id":30,"date":"2026-03-16T14:16:26","date_gmt":"2026-03-16T12:16:26","guid":{"rendered":"http:\/\/gofit.dv.themerex.net\/?page_id=30"},"modified":"2026-03-16T14:16:26","modified_gmt":"2026-03-16T12:16:26","slug":"triatlon-program-temesvar","status":"publish","type":"page","link":"https:\/\/timisoaratriathlon.ro\/hu\/triatlon-program-temesvar\/","title":{"rendered":"Temesv\u00e1ri Triatlon program"},"content":{"rendered":"<div class=\"wpb-content-wrapper\"><div class=\"vc_row wpb_row vc_row-fluid\"><div class=\"wpb_column vc_column_container vc_col-sm-12\"><div class=\"vc_column-inner\"><div class=\"wpb_wrapper\">\n\t<div class=\"wpb_text_column wpb_content_element\" >\n\t\t<div class=\"wpb_wrapper\">\n\t\t\t<h3 style=\"text-align: center;\"><strong>Temesv\u00e1ri TRIATHLON 2025 program<\/strong><\/h3>\n<p><strong>&nbsp;<\/strong><\/p>\n<h4><span style=\"color: #3366ff;\"><strong>2025. j\u00falius 18., p\u00e9ntek<\/strong><\/span><\/h4>\n<h4><strong>Temesv\u00e1ri Nyugati Egyetem <\/strong><\/h4>\n<p><strong><em>&nbsp;<\/em><\/strong><\/p>\n<h6><strong>18:00 A Temesv\u00e1ri Triatlon 2025 verseny hivatalos megnyit\u00f3ja<\/strong><\/h6>\n<h6>15:00 \u2013 21:00 R\u00e9sztvev\u0151i csomag \u00e1tv\u00e9tele \u2013 UVT emelet el\u0151csarnok<\/h6>\n<h6>18:00 Versenynyit\u00f3 (RO) \u2013 Aula Magna UVT<\/h6>\n<ul>\n<li>\n<h6>&nbsp; &nbsp; &nbsp; &nbsp; &nbsp; &nbsp; &nbsp; &nbsp; &nbsp; &nbsp; &nbsp; &nbsp; M\u0171szaki \u00e9rtekezlet (RO)<\/h6>\n<\/li>\n<li>\n<h6>&nbsp; &nbsp; &nbsp; &nbsp; &nbsp; &nbsp; &nbsp; &nbsp; &nbsp; &nbsp; &nbsp; &nbsp; Versenysz\u00e1mok tombol\u00e1ja (RO, EN)<\/h6>\n<\/li>\n<\/ul>\n<h6>19:30 Technikai \u00e9rtekezlet (EN) \u2013 Aula Magna UVT<\/h6>\n<p><strong>&nbsp;<\/strong><\/p>\n<h4><span style=\"color: #3366ff;\"><strong>2025. j\u00falius 19., szombat<\/strong><\/span><\/h4>\n<p><strong>&nbsp;<\/strong><\/p>\n<h4><strong> Begai foly\u00f3part \u2013 START versenyek<\/strong><\/h4>\n<h5><strong>&nbsp;<\/strong><\/h5>\n<h6>07:00 RAJT FUT\u00c1S F\u00c9L 70.3<\/h6>\n<h6>10:00 OLIMPIAI VERSENY RAJTA<\/h6>\n<h6>11:00 SPRINT verseny STARTJA<\/h6>\n<h6>12:00-kor kezd\u0151dik a SUPERSPRINT verseny<\/h6>\n<p><strong>&nbsp;<\/strong><\/p>\n<h4><strong>Tudor Vladimirescu f\u00fcrd\u0151 \u2013 <\/strong><strong>\u00c1TMENET<\/strong><\/h4>\n<p><strong>&nbsp;<\/strong><\/p>\n<h6>13:00 \u00c1tj\u00e1r\u00f3 ny\u00edlik a felszerel\u00e9s \u00e1tv\u00e9tel\u00e9re<\/h6>\n<h6>17:00 Hat\u00e1rid\u0151 a felszerel\u00e9s \u00e1tv\u00e9tel\u00e9re a v\u00e1lt\u00f3t\u00f3l<\/h6>\n<p><strong>&nbsp;<\/strong><\/p>\n<h4><strong>Szabads\u00e1g t\u00e9r \u2013 <\/strong><strong>BEFEJEZ\u00c9S \/ PREMIER<\/strong><\/h4>\n<p>&nbsp;<\/p>\n<h6>13:00 MEGNYIT\u00d3 Premier<\/h6>\n<h6>14:00 Premier KORCSOPORTOK<\/h6>\n<p>&nbsp;<\/p>\n<p>&nbsp;<\/p>\n<h4><strong>AMAZ\u00d3NIA V\u00cdZIPARK<\/strong><\/h4>\n<p>&nbsp;<\/p>\n<h6><strong>18:00 Nagyszer\u0171 hangulat az AMAZONIA AQUAPARKBAN<\/strong><\/h6>\n<p>&nbsp;<\/p>\n<h4><span style=\"color: #3366ff;\"><strong>2025. j\u00falius 20., vas\u00e1rnap<\/strong><\/span><\/h4>\n<p><strong>&nbsp;<\/strong><\/p>\n<h5><strong>verseny <span style=\"color: #3366ff;\">TRIKids<\/span>&nbsp;<\/strong><\/h5>\n<p>&nbsp;<\/p>\n<h6><strong>09.00 \u2013 10.30 TRIKids versenyek rajtja \u00e9s lebonyol\u00edt\u00e1sa a Iancu Huniade t\u00e9r k\u00f6rny\u00e9k\u00e9n <\/strong><\/h6>\n<p>&nbsp;<\/p>\n<h6><strong>12:00 Libert\u0103tii t\u00e9r \u2013 TRIKids premier \u00fcnneps\u00e9g<\/strong><\/h6>\n<p><strong>&nbsp;<\/strong><\/p>\n<p><strong>&nbsp;<\/strong><\/p>\n<h5><strong>verseny <span style=\"color: #3366ff;\">Fut\u00e1s \u00e9s ker\u00e9kp\u00e1roz\u00e1s \u00e9lm\u00e9ny <\/span><\/strong><\/h5>\n<p>&nbsp;<\/p>\n<h6><strong>12:00 START \u2013 Iancu Huniade t\u00e9r<\/strong><\/h6>\n<p><strong>&nbsp;<\/strong><\/p>\n<h6><strong>13:30 Megnyit\u00f3 \u00fcnneps\u00e9g<\/strong><strong>&nbsp;\u2013 <\/strong><strong>Szabads\u00e1g t\u00e9r<\/strong><\/h6>\n<p>&nbsp;<\/p>\n\n\t\t<\/div>\n\t<\/div>\n<div class=\"vc_empty_space\"   style=\"height: 5em\"><span class=\"vc_empty_space_inner\"><\/span><\/div><\/div><\/div><\/div><\/div><div class=\"vc_row wpb_row vc_row-fluid\"><div class=\"wpb_column vc_column_container vc_col-sm-12\"><div class=\"vc_column-inner\"><div class=\"wpb_wrapper\"><\/div><\/div><\/div><\/div>\n<\/div>","protected":false},"excerpt":{"rendered":"Program TIMI\u0218OARA TRIATHLON 2025 &nbsp; Vineri, 18 iulie 2025 Universitatea de Vest din Timi\u0219oara &nbsp; 18:00&nbsp; &nbsp; &nbsp; &nbsp; &nbsp; &nbsp; &nbsp; &nbsp;Deschiderea oficial\u0103 a competi\u021biei Timisoara Triathlon 2025 15:00 [...]","protected":false},"author":1,"featured_media":0,"parent":0,"menu_order":0,"comment_status":"closed","ping_status":"closed","template":"","meta":{"rs_blank_template":"","rs_page_bg_color":"","slide_template_v7":"","footnotes":""},"class_list":["post-30","page","type-page","status-publish","hentry"],"aioseo_notices":[],"_links":{"self":[{"href":"https:\/\/timisoaratriathlon.ro\/hu\/wp-json\/wp\/v2\/pages\/30","targetHints":{"allow":["GET"]}}],"collection":[{"href":"https:\/\/timisoaratriathlon.ro\/hu\/wp-json\/wp\/v2\/pages"}],"about":[{"href":"https:\/\/timisoaratriathlon.ro\/hu\/wp-json\/wp\/v2\/types\/page"}],"author":[{"embeddable":true,"href":"https:\/\/timisoaratriathlon.ro\/hu\/wp-json\/wp\/v2\/users\/1"}],"replies":[{"embeddable":true,"href":"https:\/\/timisoaratriathlon.ro\/hu\/wp-json\/wp\/v2\/comments?post=30"}],"version-history":[{"count":39,"href":"https:\/\/timisoaratriathlon.ro\/hu\/wp-json\/wp\/v2\/pages\/30\/revisions"}],"predecessor-version":[{"id":3754,"href":"https:\/\/timisoaratriathlon.ro\/hu\/wp-json\/wp\/v2\/pages\/30\/revisions\/3754"}],"wp:attachment":[{"href":"https:\/\/timisoaratriathlon.ro\/hu\/wp-json\/wp\/v2\/media?parent=30"}],"curies":[{"name":"munkaf\u00fczet","href":"https:\/\/api.w.org\/{rel}","templated":true}]}}

Temesvári Triatlon program

<div class="wpb-content-wrapper"><div class="vc_row wpb_row vc_row-fluid"><div class="wpb_column vc_column_container vc_col-sm-12"><div class="vc_column-inner"><div class="wpb_wrapper">
	<div class="wpb_text_column wpb_content_element" >
		<div class="wpb_wrapper">
			<h3 style="text-align: center;"><strong>Temesvári TRIATHLON 2025 program</strong></h3>
<p><strong>&nbsp;</strong></p>
<h4><span style="color: #3366ff;"><strong>2025. július 18., péntek</strong></span></h4>
<h4><strong>Temesvári Nyugati Egyetem </strong></h4>
<p><strong><em>&nbsp;</em></strong></p>
<h6><strong>18:00 A Temesvári Triatlon 2025 verseny hivatalos megnyitója</strong></h6>
<h6>15:00 – 21:00 Résztvevői csomag átvétele – UVT emelet előcsarnok</h6>
<h6>18:00 Versenynyitó (RO) – Aula Magna UVT</h6>
<ul>
<li>
<h6>&nbsp; &nbsp; &nbsp; &nbsp; &nbsp; &nbsp; &nbsp; &nbsp; &nbsp; &nbsp; &nbsp; &nbsp; Műszaki értekezlet (RO)</h6>
</li>
<li>
<h6>&nbsp; &nbsp; &nbsp; &nbsp; &nbsp; &nbsp; &nbsp; &nbsp; &nbsp; &nbsp; &nbsp; &nbsp; Versenyszámok tombolája (RO, EN)</h6>
</li>
</ul>
<h6>19:30 Technikai értekezlet (EN) – Aula Magna UVT</h6>
<p><strong>&nbsp;</strong></p>
<h4><span style="color: #3366ff;"><strong>2025. július 19., szombat</strong></span></h4>
<p><strong>&nbsp;</strong></p>
<h4><strong> Begai folyópart – START versenyek</strong></h4>
<h5><strong>&nbsp;</strong></h5>
<h6>07:00 RAJT FUTÁS FÉL 70.3</h6>
<h6>10:00 OLIMPIAI VERSENY RAJTA</h6>
<h6>11:00 SPRINT verseny STARTJA</h6>
<h6>12:00-kor kezdődik a SUPERSPRINT verseny</h6>
<p><strong>&nbsp;</strong></p>
<h4><strong>Tudor Vladimirescu fürdő – </strong><strong>ÁTMENET</strong></h4>
<p><strong>&nbsp;</strong></p>
<h6>13:00 Átjáró nyílik a felszerelés átvételére</h6>
<h6>17:00 Határidő a felszerelés átvételére a váltótól</h6>
<p><strong>&nbsp;</strong></p>
<h4><strong>Szabadság tér – </strong><strong>BEFEJEZÉS / PREMIER</strong></h4>
<p>&nbsp;</p>
<h6>13:00 MEGNYITÓ Premier</h6>
<h6>14:00 Premier KORCSOPORTOK</h6>
<p>&nbsp;</p>
<p>&nbsp;</p>
<h4><strong>AMAZÓNIA VÍZIPARK</strong></h4>
<p>&nbsp;</p>
<h6><strong>18:00 Nagyszerű hangulat az AMAZONIA AQUAPARKBAN</strong></h6>
<p>&nbsp;</p>
<h4><span style="color: #3366ff;"><strong>2025. július 20., vasárnap</strong></span></h4>
<p><strong>&nbsp;</strong></p>
<h5><strong>verseny <span style="color: #3366ff;">TRIKids</span>&nbsp;</strong></h5>
<p>&nbsp;</p>
<h6><strong>09.00 – 10.30 TRIKids versenyek rajtja és lebonyolítása a Iancu Huniade tér környékén </strong></h6>
<p>&nbsp;</p>
<h6><strong>12:00 Libertătii tér – TRIKids premier ünnepség</strong></h6>
<p><strong>&nbsp;</strong></p>
<p><strong>&nbsp;</strong></p>
<h5><strong>verseny <span style="color: #3366ff;">Futás és kerékpározás élmény </span></strong></h5>
<p>&nbsp;</p>
<h6><strong>12:00 START – Iancu Huniade tér</strong></h6>
<p><strong>&nbsp;</strong></p>
<h6><strong>13:30 Megnyitó ünnepség</strong><strong>&nbsp;– </strong><strong>Szabadság tér</strong></h6>
<p>&nbsp;</p>

		</div>
	</div>
<div class="vc_empty_space"   style="height: 5em"><span class="vc_empty_space_inner"></span></div></div></div></div></div><div class="vc_row wpb_row vc_row-fluid"><div class="wpb_column vc_column_container vc_col-sm-12"><div class="vc_column-inner"><div class="wpb_wrapper"></div></div></div></div>
</div>

Program TIMIȘOARA TRIATHLON 2025 &nbsp; Vineri, 18 iulie 2025 Universitatea de Vest din Timișoara &nbsp; 18:00&nbsp; &nbsp; &nbsp; &nbsp; &nbsp; &nbsp; &nbsp; &nbsp;Deschiderea oficială a competiției Timisoara Triathlon 2025 15:00 [...]

munkafüzet
